emainder when g(-4) is divided by (-2 + 16 - -1) + 1.
15
Let l = -329 + 358. Calculate the remainder when 231 is divided by l.
28
Let z(q) = 2*q**2 + 4*q - 4. Let b be z(-4). Let r = -46 + b. Let i = -19 - r. Calculate the remainder when i is divided by 6.
3
Calculate the remainder when 3/(-2)*(9 - (-3605)/(-21)) is divided by 64.
52
Suppose 10*p + 410 - 1140 = 0. What is the remainder when 582 is divided by p?
71
Let l(u) = 3 - 4 + 21*u**2 + 2. Suppose s + 10 = 11. What is the remainder when l(s) is divided by 12?
10
Let t = 84 - 127. What is the remainder when -8*t*(-4)/(-16) is divided by 22?
20
Let t = 2628 - 2585. Calculate the remainder when 199 is divided by t.
27
Suppose 0 = -2*b + 152 - 56. Let z(c) be the third derivative of c**6/120 + c**5/12 + c**4/8 + c**3 + c**2. Calculate the remainder when b is divided by z(-4).
8
Let k = -1116 - -1143. Suppose -4*n = -5*i + 2*i + 31, -4*i - 4*n = -4. Suppose -9 = -i*p + 41. What is the remainder when k is divided by p?
7
Let h = 529 + -339. What is the remainder when h is divided by 32?
30
Suppose 28 = 5*n - h + 3, 0 = -4*n + 2*h + 26. Suppose 0 = 4*d + 5*m - 19 - 47, n*m = 8. What is the remainder when 82 is divided by d?
12
Let o = 15 - 12. Suppose w - 110 = o*w. Calculate the remainder when (w - -2)/(1 - 2) is divided by 14.
11
Let y(k) = -4*k + 176. What is the remainder when 759 is divided by y(25)?
75
Let s(t) = -2*t - 8. Let q be s(-5). Suppose q*z + 0 = 4. Suppose -w + 4 = -z*a - 3, -11 = -w - 2*a. Calculate the remainder when 15 is divided by w.
6
Let o(k) = 5*k + 222. What is the remainder when o(9) is divided by 68?
63
Suppose -99 - 253 = -16*g. Calculate the remainder when 151 is divided by g.
19
Let g = -15 - -24. Let c be ((-306)/27)/(1/g). Let p = 159 + c. What is the remainder when p is divided by 15?
12
Let q(d) = 216*d + 1757. Let s = 35 - 69. Let o = -17 - s. What is the remainder when q(-8) is divided by o?
12
Suppose 77*a = 74*a + 84. Calculate the remainder when 62 is divided by a.
6
Suppose 2*v + 34 - 84 = 0. What is the remainder when 1424 is divided by v?
24
Suppose -4*h - 108 = -6*h. Suppose u + 5*m = h, 4*u = 5*m + 59 + 107. Calculate the remainder when 130 is divided by u.
42
Suppose 15*f = 12*f + 291. Let y = f + -75. What is the remainder when 108 is divided by y?
20
Suppose 2*q - 6*q + 296 = 0. Let w(l) = -l - 5. Let p be w(-8). Calculate the remainder when q is divided by 3 + (-66)/(p + -6).
24
Let k = 331 - 107. Let b = k + -85. What is the remainder when b is divided by 7?
6
Let h(l) = l**3 + 19*l**2 + 57*l + 4. Calculate the remainder when 394 is divided by h(-6).
4
Let h(u) = -5*u + 7. Let r = -2703 - -2893. Calculate the remainder when r is divided by h(-5).
30
Suppose 3*o + 5*n = -79, -5*o - 121 + 6 = 5*n. Let m = 20 + o. Suppose 3*l + u - 2 = 0, 5*l + 5*u - 2*u = -m. What is the remainder when 4 is divided by l?
0
Let u(d) = d**3 + 11*d**2 - 5*d - 41. Calculate the remainder when 165 is divided by u(-11).
11
Let a = -778 - -893. Calculate the remainder when a is divided by 24.
19
Let k(j) = j**3 - 5*j**2 - 6*j + 3. Let g be k(6). Suppose -216 = -2*w - g*q, -q - 200 = -2*w - 0*q. Calculate the remainder when w is divided by 21.
18
Let i(k) = -k**3 - 4*k**2 + k - 4. Calculate the remainder when i(-6) is divided by 23.
16
Let n be 24/6*(1 + 0). Suppose 46 - 10 = n*b. Suppose -32 = -5*w + 183. Calculate the remainder when w is divided by b.
7
Suppose 4*d + 12 = 0, -8*h - 5*d = -10*h + 375. Calculate the remainder when h is divided by 14.
12
Let p(y) = -29*y**3 - 4*y**2 + 1. Suppose 9 = b - 94. Calculate the remainder when b is divided by p(-1).
25
What is the remainder when (7/35)/((16/15020)/4) is divided by 13?
10
Suppose -2*h + 2*b = 22, -4*h + 55 = -9*h - 4*b. Let d = h + 54. Suppose -2*f = -f - 15. What is the remainder when d is divided by f?
13
Suppose -4*q = -20 + 4. Let o = 235 + -167. Suppose -u = q*d - 5*u - 148, 4*u - o = -2*d. Calculate the remainder when d is divided by 19.
17
Suppose -31*r + 36*r - 525 = 0. What is the remainder when 5 is divided by 2/(-10) + r/25?
1
Suppose -134*l + 130*l = c - 1611, 0 = -2*l - 4*c + 802. Calculate the remainder when l is divided by 15.
13
Suppose -15*x - 16 = -16*x. What is the remainder when ((-6)/(-4))/((-3)/(-44)) is divided by x?
6
Let f(m) = -2*m - 37. Let k be f(-20). Suppose 2*u - 3*p = 29, u + k*p = -3*u + 49. Calculate the remainder when 29 is divided by u.
3
Let g(o) = o**3 + 12*o**2 + 8*o - 5. What is the remainder when 276 is divided by g(-11)?
24
Let f = -98 - -112. Let x(o) = 5*o**2 - 5*o - 4. Calculate the remainder when x(5) is divided by f.
12
Let u(p) = 5 + 6*p - p**2 + 2*p**2 - 2*p**2. What is the remainder when 48 is divided by u(5)?
8
Let u = -56 + 62. Suppose u*f + 142 = 1630. What is the remainder when f is divided by 25?
23
Let a = 545 - 541. Suppose -5*w = -5*d - w + 48, 45 = 5*d - 5*w. What is the remainder when d is divided by a?
0
Calculate the remainder when (-11460)/(-96) - 6/16 is divided by 21.
14
Suppose 16 - 98 = -2*r. Suppose -p - 3 = 5*h, 5*h + 108 = 4*p + h. Calculate the remainder when r is divided by p.
19
Let t = 456 - 98. Let r = t + -213. Calculate the remainder when r is divided by 37.
34
Let g(k) = 2*k**3 - 3*k**2 - 10*k + 2. Suppose -2*a - 6*a + 1336 = 0. What is the remainder when a is divided by g(4)?
41
Let n(k) = 2*k**3 - 5*k**2 - 4*k - 15. Calculate the remainder when 609 is divided by n(4).
14
Let f(h) = 4*h**2 - 8*h - 20. What is the remainder when f(-3) is divided by 32?
8
Let m = -162 - -8. Let i = 41 - m. What is the remainder when i is divided by 33?
30
Let p(h) = -3*h - 10. Let m be (1 - -5)*1/2. Suppose -1 - 8 = -m*j. What is the remainder when p(-7) is divided by j?
2
Let d = 5 - 2. Suppose d*w + f = -63 + 205, 0 = -4*w + f + 187. Suppose 2*a - 31 = -p, -56 = -2*p - 2*a - 0*a. Calculate the remainder when w is divided by p.
22
Let q(x) = -x - 4. Suppose 3*o + 5*z + 3 - 1 = 0, -2*o - 2*z = -4. What is the remainder when 25/o + (-8)/48 is divided by q(-7)?
1
Let b be 2 + (-10)/(-5) + 1. Suppose r = -2*k + 35, b*k - 107 = -r + 5*r. Calculate the remainder when 74 is divided by k.
17
Let n = 16 - 20. Let z(c) = -c + 2. Let u be z(n). Calculate the remainder when (-175)/(-21) - 2/u is divided by 4.
0
Suppose -4*s + 15 = 51. Let l(c) = c - 21. Let m be l(s). What is the remainder when 37 is divided by (-334)/(-26) - m/195?
11
Let k(n) be the second derivative of n**4/12 - 3*n**3/2 - 13*n**2/2 - 30*n. What is the remainder when k(-2) is divided by 7?
2
Suppose 4 = 2*y, -y = 4*p + 2*y - 58. Let j = p - -40. What is the remainder when j is divided by 14?
11
Let j = -234 + 332. What is the remainder when j is divided by 33?
32
Let w = -879 - -954. Let o = 59 - 40. What is the remainder when w is divided by o?
18
Let u(g) = -g**2 - 9*g + 4. Let t be u(-10). What is the remainder when 30 is divided by ((-60)/(-40))/(t/(-32))?
6
Let g = -1342 + 1362. Calculate the remainder when 613 is divided by g.
13
Suppose 0 = -5*h - 4*l + 88, -10*l + 14*l = -3*h + 48. What is the remainder when 196 is divided by h?
16
Suppose 5*j = -3*w + 60 + 93, 5*w = 4*j + 292. Suppose 3*c = 17 - w. Let o(b) = -b + 4. What is the remainder when 49 is divided by o(c)?
15
What is the remainder when 210 is divided by (-1 - -4) + 43 + 7?
51
Let v(g) = -g**2 - 15*g - 18. What is the remainder when 3/(-1)*355/(-15) is divided by v(-13)?
7
Let t(q) = -q**3 - 23*q**2 - 42*q + 41. Let c(z) = 2*z**2 + 3*z + 2. Calculate the remainder when t(-21) is divided by c(-4).
19
Suppose -2*m - 65 + 279 = 2*x, -4*m + 326 = 3*x. Calculate the remainder when x is divided by 22.
14
Suppose -3*b + 2*w - 12 = -5*b, -2*b + 47 = -5*w. What is the remainder when 482 is divided by b?
9
Let u(z) = 2*z**2 + 3*z + 7. Let t be u(-5). Let o = t - 108. Calculate the remainder when 64 is divided by (8/24)/((-1)/o).
20
Let u = -5 + 8. Suppose -2*k - 14 = -u*k. Suppose 4*w - 101 = -1. Calculate the remainder when w is divided by k.
11
Let i = 100 - 274. Let p = i + 316. Calculate the remainder when p is divided by 24.
22
Let t = -563 - -193. Let y = t + 559. Calculate the remainder when y is divided by 48.
45
Suppose 0 = -14*o + 544 + 478. Suppose -3*l = -0*l - 57. Calculate the remainder when o is divided by l.
16
Suppose